ndreds digit of d?
8
Let v(q) = 1593*q + 2392. What is the ten thousands digit of v(48)?
7
Let v(f) = -881*f + 76. What is the tens digit of v(-6)?
6
What is the hundreds digit of (-24)/228 + 250842/38?
6
Let s = -14 - -9. Let l(f) = -741*f**2 + 1485*f**2 + 3*f - 1 - 743*f**2. What is the units digit of l(s)?
9
Suppose 514*r - 262836 = 507*r. What is the ten thousands digit of r?
3
Suppose 0 = 5*y + 10, 4 = -d - 2*y - 6. What is the tens digit of (-3750)/(-4) - (15/d - -3)?
3
Suppose 12*a = 2*w + 16*a - 24, 9 = w - a. Suppose 9*l + 356 = w*l. What is the tens digit of l?
5
Let k(i) = 15*i**2 + 165*i - 192. What is the hundreds digit of k(-39)?
1
Let g(l) be the third derivative of 7*l**5/30 + 17*l**4/24 - 71*l**3/6 - 31*l**2. What is the units digit of g(5)?
4
Suppose 71 = -3*n - 4*m, 0*n = -n - 2*m - 25. What is the thousands digit of 3/n - (-87160)/70 - 4?
1
Suppose 15*a = 2*a + 247. Suppose 0 = -2*q - w + a, 0 = -5*q + 10*w - 7*w + 42. What is the units digit of q?
9
Suppose -10*d + 8*d + 726 = 0. Let o(s) = -65*s**2 - 3*s + 1. Let k be o(-2). Let p = k + d. What is the tens digit of p?
1
Let r = -2 + 42. Suppose 0 = 3*u + 28 - r. Suppose -u*a = 5*f - 9, 6 = 5*f - 0*f + a. What is the units digit of f?
1
Suppose 0 = 5*z + 5*i - 50, 2 = z + 4*i + 1. Let j(o) = o + 0*o + 15 - 2*o + z. What is the tens digit of j(13)?
1
Let k = -10 + 111. Let j = k + -91. Suppose -z = n - 77 - 92, j = -5*n. What is the tens digit of z?
7
What is the units digit of -5 + (-8 - -8) - -11458?
3
Let y(r) = -1539*r + 16. Let a be y(-2). Let d be ((-2)/6)/(-3 + a/1032). Suppose -d = -0*k - 2*k - 2*o, -3*o - 6 = 0. What is the units digit of k?
8
Let x(y) = y**2 + 5*y - 42. Let c be x(-7). Let u = 48 + c. What is the tens digit of u?
2
Let y(d) = 4*d + 67. Let s be y(20). Suppose 3*i - 457 = -c, -i + 0*i = -5*c - s. What is the units digit of i?
2
Let t be (90/(-65))/(-9) + (-74)/(-26). Suppose j = -v - 1, 5*v - j - 7 = -t*j. Suppose 0 = -f + 5*w + 22, 12 = 2*f - v*w - 25. What is the tens digit of f?
1
Let s = -688 + 620. Suppose -4*x + 140 - 45 = -g, 4*x - 115 = -3*g. Let u = x - s. What is the tens digit of u?
9
Let j = 15716 - -13856. What is the units digit of j?
2
Suppose 0 = 8*d + 557 - 605. Let u(t) = 245*t - 166. What is the thousands digit of u(d)?
1
Suppose -x = -212 - 63. Let g = x - 265. What is the tens digit of g?
1
Let n = 29 - -31. Suppose 54 - n = -3*s. Suppose -s*y = -5*u + 43, -2*u + 0*u + 3*y = -15. What is the units digit of u?
9
Let c = -24719 - -36412. What is the tens digit of c?
9
Let a(m) = m**3 + 11*m**2 + 10*m - 14. Let j be a(-10). Let g(w) = w**3 + 14*w**2 + 5*w + 15. Let r be g(j). Let h = 1 - r. What is the tens digit of h?
5
Suppose 2*l = 2*c + 38, 0*c + 15 = -c - 3*l. Let n be (-1)/((-6)/c)*(-32)/6. Suppose 34 = p - n. What is the units digit of p?
0
Suppose 0*y + j + 153 = 5*y, -81 = -3*y - 3*j. What is the tens digit of ((-108)/y)/((-4)/290)?
6
What is the ten thousands digit of 320/((-10)/(-4)*(-4 + (-38640)/(-9650)))?
3
What is the units digit of (-104)/(8844/(-1764) + -15*3/(-9))?
4
Suppose 5*z + 43 = -3*v, 4*v = 9*v - 5*z + 85. Let b(w) = w. Let o(t) = -4*t + 25. Let x(h) = -6*b(h) + o(h). What is the tens digit of x(v)?
8
Let j(t) = -t**3 + 14*t**2 - 20*t + 15. Let x be j(13). Let g be ((-47)/(-4))/(19/x). Let l = g - -121. What is the tens digit of l?
7
Suppose 4*a - 16372 = 2*x, -4 - 4 = 2*x. Suppose -8190 = 4*t + 2*n, 2*t + 7*n + a = 2*n. What is the units digit of ((t/(-20))/(-8))/(2/(-20))?
8
Let a(l) = 8*l**2 + 103*l - 136 - 27*l**2 - 9*l**2 + 170 - l**3. What is the hundreds digit of a(-32)?
8
What is the hundreds digit of -4 + (1 - 157445/(-13) - (-18)/(-117))?
1
Suppose -3*s + 6*s + 156 = 3*v, -2*v = -s - 56. Let m = -44 - s. What is the units digit of m/(-4)*270/(1 + -3)?
5
Suppose u = -5*u + 24. Suppose 1232 = u*p + 468. Suppose p = 2*b + 51. What is the tens digit of b?
7
What is the thousands digit of (4/(240/332445))/((-2)/(-8))?
2
Let b be (-8 + 8)/(1 - 2). Let h(i) = 5*i - 29. Let k be h(14). Suppose 6*r + k - 341 = b. What is the units digit of r?
0
Let k(y) = -772*y + 1139. What is the hundreds digit of k(-17)?
2
Let d = 3611 - -7853. What is the hundreds digit of d?
4
Let o = 604 - 168. What is the tens digit of (1/3)/((-10)/150) + o?
3
Let p = 344 - 424. Let a = 236 - p. What is the units digit of a?
6
Suppose -3*i + 5 + 16 = 0. Let k = -8 - i. What is the tens digit of (35/k)/7*-297?
9
Suppose 5*h + 12 = 17, -w - 4*h = -742. What is the tens digit of w?
3
Let r be (-6)/(-3) + 1 - (4 - 4). Suppose 2*q + r*z = -2 - 2, -q - 8 = 3*z. Let b = q - -53. What is the tens digit of b?
5
Suppose 16*m - 378 = 7*m. What is the tens digit of 4/m + (-92712)/(-252)?
6
Let p be (2/(-4))/((-5)/10) - -1. Suppose 4*s + 28 = 2*r, s - p*s - 67 = -3*r. Suppose -r*f = -25*f + 5. What is the units digit of f?
5
Suppose -v = 4*p - 89, -2*v + 3 = v. Suppose 4*g - 2*g + 5*z = 49, 2*g - p = 4*z. Let j(o) = 12*o - 24. What is the units digit of j(g)?
0
Suppose 5*g - 15723 = -s + 4*s, 0 = -g - 2*s + 3155. What is the units digit of g?
7
What is the ten thousands digit of ((-24)/10)/3 + 331014*38/1140?
1
Suppose -5*b - 41976 = -4*c, -c - 5*b = -4*b - 10503. What is the thousands digit of c?
0
What is the ten thousands digit of (17649*1)/(389/1167)?
5
Let a = -102 - -90. Let p(n) = 2*n + 25. Let q(j) = -j - 26. Let b(l) = -4*p(l) - 3*q(l). What is the tens digit of b(a)?
3
Suppose 45*g + 8691936 = 573*g. What is the thousands digit of g?
6
Suppose 0 = 2*f + 5*y - 8504, -4*f - 4*y - 4175 = -21159. Suppose 6 = -2*n, 1253 = 4*k + 3*n - f. What is the hundreds digit of k?
3
Let q = -847 - -892. What is the tens digit of 10*q/27*3?
5
Let h = -7575 + 21153. What is the units digit of h?
8
Let b(d) = -96*d + 24611. What is the ten thousands digit of b(0)?
2
Let p = 22 - 48. Let z = p - -5. Let w = z + 119. What is the tens digit of w?
9
Let y = -9275 + 26124. What is the hundreds digit of y?
8
Suppose 79*g = 5*z + 77*g + 8, -2*g = -z - 8. Suppose 13*b - 3646 + 240 = z. What is the hundreds digit of b?
2
Let y(h) = 4*h**2 + 14*h - 4. Let g be y(-5). Suppose -58*n = -g*n - 53280. What is the tens digit of n?
6
Let g = 78708 - 43549. What is the hundreds digit of g?
1
Suppose -3*g = 16591 - 78166. What is the units digit of g?
5
Let f be (-5)/((12/(-14))/6). Let c = f - 32. Suppose -4*n = 4, 0 = -c*t + n + 250 + 75. What is the units digit of t?
8
Let b = -323 - -327. Suppose -1555 = -3*l + 5*s, -b*l - 522 = -5*l - 2*s. What is the tens digit of l?
2
Suppose 4*s - 3*m + 44 + 44 = 0, -3*s + 3*m = 69. Let z = 23 + s. Let p(x) = x**2 + 4*x + 9. What is the units digit of p(z)?
1
Let o be ((-100)/180)/(1/(-9)). Suppose o*h = 1299 + 3196. What is the units digit of h?
9
Let f(i) = -4*i**3 - 17*i - 24. What is the hundreds digit of f(-3)?
1
Let p(m) = -264*m**3 + 26*m**2 + 19*m - 22. What is the tens digit of p(-4)?
1
Let d be (-890)/(-6) - (-8)/12. Let k = d + -68. Let c = 116 - k. What is the tens digit of c?
3
Let h(p) = -9489*p**3 + 10*p**2 - 13*p - 19. What is the units digit of h(-2)?
9
Let u = 800 + -804. Let n(x) = 67*x**2 - 2*x - 1. What is the thousands digit of n(u)?
1
Suppose -4*w - 40 = -2*d, w + 45 = 4*d - 7. Let g = 10 - d. Let q = g + 73. What is the units digit of q?
1
Suppose 4024 = 8*y - 11*y - r, 6704 = -5*y - 3*r. Let p = -730 - y. Let h = -378 + p. What is the units digit of h?
4
What is the hundreds digit of (-2872)/359 + (0 - -5029)?
0
Let f(k) = 4*k + 1. Let i be f(7). Let b = i + 87. Suppose 4*q = 4*z - b, 0 = -z - 4*q + 3 + 1. What is the tens digit of z?
2
Suppose 38 = -q + 45. Let a(v) = -v + 29. Let t be a(q). Suppose -h + 11 + t = 0. What is the tens digit of h?
3
Let r(s) = 166*s**3 - 2*s**2 - 26*s + 136. What is the thousands digit of r(7)?
6
Suppose -5*w + 3 = -12, 5*w - 15 = 5*b. Suppose b = -6*z + z + 5*r + 475, -z + 119 = 5*r. What is the tens digit of 264/z*((-242)/(-8) + -1)?
7
Suppose 4073 = 20*y + 8*y - 17711. What is the tens digit of y?
7
Let t(d) = 4 + 15*d - 35 - 13 - 37. What is the hundreds digit of t(21)?
2
Suppose 3*j - 20 + 17 = 0. What is the hundreds digit of 6*(j + (-322)/(-6))?
3
What is the hundreds digit of (1 + (-969)/85)*-1665?
3
Let x(o) = -4*o**3 + o**2 - 3*o + 2. Let b be x(1). Let d(a) = 